59.
2451
What is the remainder when 825386 is divided by 171?
140
What is the remainder when 781614 is divided by 6568?
22
What is the remainder when 650615 is divided by 324?
23
Calculate the remainder when 7617211 is divided by 44.
19
What is the remainder when 1608215 is divided by 331?
217
What is the remainder when 96388 is divided by 320?
68
Calculate the remainder when 46077 is divided by 45959.
118
What is the remainder when 1338840 is divided by 806?
74
Calculate the remainder when 160549 is divided by 32017.
464
Calculate the remainder when 166902 is divided by 5255.
3997
Calculate the remainder when 196505 is divided by 27161.
6378
What is the remainder when 18267 is divided by 1146?
1077
Calculate the remainder when 34317338 is divided by 33513.
26
Calculate the remainder when 112408 is divided by 55909.
590
Calculate the remainder when 184126 is divided by 183911.
215
What is the remainder when 636568 is divided by 600?
568
What is the remainder when 30773 is divided by 2565?
2558
Calculate the remainder when 54944198 is divided by 100.
98
Calculate the remainder when 9299534 is divided by 1549920.
14
What is the remainder when 2062151 is divided by 24549?
35
What is the remainder when 169141 is divided by 128?
53
Calculate the remainder when 14779922 is divided by 53.
24
What is the remainder when 1143247 is divided by 17840?
1487
What is the remainder when 158388805 is divided by 7468?
7461
What is the remainder when 6867820 is divided by 3433907?
6
Calculate the remainder when 870587 is divided by 1563.
1559
Calculate the remainder when 151588 is divided by 1665.
73
What is the remainder when 156077 is divided by 740?
677
What is the remainder when 4125 is divided by 24?
21
What is the remainder when 8225749 is divided by 4184?
5
Calculate the remainder when 2878596201 is divided by 11.
8
Calculate the remainder when 43105 is divided by 14364.
13
Calculate the remainder when 1480706 is divided by 330.
326
What is the remainder when 10745381 is divided by 19431?
38
What is the remainder when 808122 is divided by 5943?
5817
What is the remainder when 10316 is divided by 136?
116
Calculate the remainder when 7276494 is divided by 1890.
1884
What is the remainder when 9712470 is divided by 119907?
3
What is the remainder when 523427 is divided by 24908?
359
What is the remainder when 36012492 is divided by 4718?
4716
What is the remainder when 5083935 is divided by 49?
38
What is the remainder when 5079783 is divided by 14190?
13953
Calculate the remainder when 107027368 is divided by 2108.
2100
What is the remainder when 10558912 is divided by 22?
12
Calculate the remainder when 15245 is divided by 836.
197
Calculate the remainder when 286038 is divided by 2376.
918
What is the remainder when 25422645 is divided by 1292?
1253
What is the remainder when 951341578 is divided by 105?
103
What is the remainder when 103474 is divided by 1539?
361
What is the remainder when 27961 is divided by 3978?
115
Calculate the remainder when 123010 is divided by 108.
106
What is the remainder when 1921863 is divided by 15883?
20
Calculate the remainder when 1121742 is divided by 4979.
1467
Calculate the remainder when 47825468 is divided by 205.
198
Calculate the remainder when 255873599 is divided by 54.
53
Calculate the remainder when 733582 is divided by 1361.
3
What is the remainder when 3331259 is divided by 518?
1
What is the remainder when 105683 is divided by 10150?
4183
Calculate the remainder when 883404 is divided by 147231.
18
Calculate the remainder when 235823 is divided by 69.
50
Calculate the remainder when 76569 is divided by 308.
185
What is the remainder when 1327793 is divided by 256?
177
Calculate the remainder when 195956 is divided by 1655.
666
Calculate the remainder when 25143012 is divided by 750.
12
What is the remainder when 10606 is divided by 3884?
2838
What is the remainder when 2944799 is divided by 32?
31
Calculate the remainder when 17372624 is divided by 375.
374
Calculate the remainder when 27784385 is divided by 4950.
35
What is the remainder when 503846 is divided by 503156?
690
Calculate the remainder when 43815061 is divided by 130.
121
What is the remainder when 3564039 is divided by 4?
3
Calculate the remainder when 65303287 is divided by 3.
1
What is the remainder when 3097114 is divided by 65895?
49
What is the remainder when 542251 is divided by 176?
171
Calculate the remainder when 12784105 is divided by 70.
5
Calculate the remainder when 2695872 is divided by 1571.
36
Calculate the remainder when 25280 is divided by 12463.
354
What is the remainder when 7898468 is divided by 54?
50
What is the remainder when 4702065 is divided by 1509?
21
What is the remainder when 6151602 is divided by 331?
298
Calculate the remainder when 43222 is divided by 14403.
13
What is the remainder when 4990576 is divided by 57?
55
Calculate the remainder when 645442 is divided by 107.
18
What is the remainder when 10106606 is divided by 265?
36
What is the remainder when 16794554 is divided by 43850?
4
What is the remainder when 7390491 is divided by 86?
81
What is the remainder when 21837457 is divided by 139?
1
Calculate the remainder when 6707 is divided by 372.
11
What is the remainder when 12091671 is divided by 661?
659
Calculate the remainder when 956414 is divided by 1523.
1493
What is the remainder when 651425 is divided by 639?
284
What is the remainder when 829341 is divided by 935?
931
Calculate the remainder when 90109 is divided by 101.
17
Calculate the remainder when 2795326 is divided by 31765.
6
Calculate the remainder when 598233 is divided by 119631.
78
Calculate the remainder when 2811557 is divided by 15795.
47
Calculate the remainder when 11301758 is divided by 2825435.
18
Calculate the remainder when 12602658 is divided by 4836.
42
Calculate the remainder when 31135874 is divided by 529.
521
What is the remainder when 291892 is divided by 1814?
1652
Calculate the remainder when 6769540 is divided by 541.
7
What is the remainder when 5096208 is divided by 175726?
154
What is the remainder when 5948877 is divided by 148?
17
What is the remainder when 367175821 is divided by 26?
25
Calculate the remainder when 506196 is divided by 52.
28
Calculate the remainder when 343694 is divided by 8607.
8021
What is the remainder when 987170 is divided by 82258?
74
What is the remainder when 51239913 is divided by 126?
123
What is the remainder when 69202 is divided by 1581?
1219
What is the remainder when 518488 is divided by 518339?
149
Calculate the remainder when 181260 is divided by 45311.
16
What is the remainder when 84067 is divided by 2466?
223
What is the remainder when 611635951 is divided by 8494?
8493
What is the remainder when 2104646 is divided by 15?
11
What is the remainder when 202601 is divided by 6331?
9
What is the remainder when 131475 is divided by 4932?
3243
Calculate the remainder when 132909 is divided by 12059.
260
What is the remainder when 10933923 is divided by 92?
91
What is the remainder when 382612 is divided by 1624?
972
Calculate the remainder when 8575569 is divided by 923.
899
What is the remainder when 23465 is divided by 2399?
1874
What is the remainder when 76865858 is divided by 9?
8
Calculate the remainder when 4576709 is divided by 186.
179
Calculate the remainder when 73087843 is divided by 635.
613
What is the remainder when 7396418 is divided by 29?
26
What is the remainder when 4907191 is divided by 981436?
11
Calculate the remainder when 2042382 is divided by 2042235.
147
Calculate the remainder when 213961748 is divided by 31.
27
Calculate the remainder when 3245836 is divided by 62419.
48
Calculate the remainder when 1622976 is divided by 30036.
1032
What is the remainder when 75957 is divided by 579?
108
Calculate the remainder when 57734015 is divided by 16.
15
What is the remainder when 2653804 is divided by 16?
12
Calculate the remainder when 1729091 is divided by 96055.
101
Calculate the remainder when 335819 is divided by 1311.
203
Calculate the remainder when 50739590 is divided by 36.
2
Calculate the remainder when 72231042 is divided by 485.
477
What is the remainder when 127256235 is divided by 3007?
3002
What is the remainder when 96024954 is divide